at is 111 + -2210111?
-2210000
In base 4, what is 30321 - -102131?
133112
In base 9, what is -6645 + -22?
-6667
In base 4, what is -3223102312 - 2?
-3223102320
In base 12, what is 3667 - -57?
3702
In base 10, what is 830 - -5?
835
In base 16, what is 1321ba + -4?
1321b6
In base 2, what is 100 + 100011110100110?
100011110101010
In base 13, what is 5c0c1 - -2?
5c0c3
In base 9, what is 888064 + 0?
888064
In base 15, what is 95be - -3?
95c2
In base 5, what is -1304 - 14411?
-21220
In base 16, what is -d + 2d2d?
2d20
In base 10, what is 32215 - 20?
32195
In base 2, what is -10111000110 - -1010011?
-10101110011
In base 4, what is 121230 + -30010?
31220
In base 6, what is 150220 - 32?
150144
In base 14, what is 2 - 5a795?
-5a793
In base 5, what is 442004 - -43?
442102
In base 16, what is 37c8db - 2?
37c8d9
In base 5, what is -113010213 - -3?
-113010210
In base 4, what is 103 - 1211200?
-1211031
In base 15, what is -4ae + -14?
-4c3
In base 14, what is 126b + 2?
126d
In base 4, what is -2212212 - 1323?
-2220201
In base 11, what is -1 - -18893?
18892
In base 16, what is 2fc - 3c?
2c0
In base 7, what is 2 + 42533?
42535
In base 8, what is -1002 + -100?
-1102
In base 4, what is 11 - -200111?
200122
In base 15, what is -1b - 4108?
-4124
In base 6, what is -4315 - 21332?
-30051
In base 9, what is 27125 + -7?
27117
In base 9, what is -20417 + -5?
-20423
In base 16, what is 0 + -30aa8?
-30aa8
In base 5, what is -10222 + -2?
-10224
In base 5, what is 20 + 240043?
240113
In base 16, what is -5d268 + 0?
-5d268
In base 8, what is 3430 + 367?
4017
In base 8, what is -120 + 1046?
726
In base 8, what is -273 - -254?
-17
In base 7, what is -264356 + -4?
-264363
In base 8, what is -206 + 2120?
1712
In base 5, what is 22120 + -3440?
13130
In base 14, what is 2 + 322c?
3230
In base 3, what is -12021 - -100122?
11101
In base 13, what is -40 + -1cc06?
-1cc46
In base 10, what is 2059 - -272?
2331
In base 8, what is -3427 + 37?
-3370
In base 6, what is -2351233 - 2?
-2351235
In base 14, what is 8 + ca9d?
caa7
In base 10, what is -5 + -168498?
-168503
In base 7, what is -4 + 15561114?
15561110
In base 5, what is 113 - -1444130?
1444243
In base 3, what is -220010010 - -2?
-220010001
In base 8, what is -22551 + 260?
-22271
In base 2, what is -101 - -111101010011010?
111101010010101
In base 4, what is -2111 - 1010?
-3121
In base 5, what is 211 + 13344?
14110
In base 16, what is -32372 + -4?
-32376
In base 13, what is -4 + 1066a?
10666
In base 6, what is 5 + -15445041?
-15445032
In base 3, what is 11 + -21002020011?
-21002020000
In base 8, what is 312147 + -2?
312145
In base 13, what is 1160 + 4?
1164
In base 5, what is 3032344 + -1?
3032343
In base 13, what is 956bb - -5?
956c3
In base 7, what is -10 - -12435?
12425
In base 3, what is 1001 - 12111202?
-12110201
In base 2, what is 1000101110010 + 1111?
1000110000001
In base 8, what is -34214 - 15?
-34231
In base 5, what is -10200334 - 4?
-10200343
In base 15, what is 23c - -51?
28d
In base 6, what is 2 - 3210030?
-3210024
In base 8, what is 37 + 270015?
270054
In base 14, what is -1 + -191538?
-191539
In base 13, what is 0 - 990?
-990
In base 14, what is -1 - 2c6473?
-2c6474
In base 7, what is 3504 + -132?
3342
In base 5, what is 2 - -3011124?
3011131
In base 16, what is -6e8 + c?
-6dc
In base 2, what is -110 - 1011110101010010100?
-1011110101010011010
In base 14, what is -16bd3 + -1?
-16bd4
In base 9, what is 2664 - -1044?
3718
In base 2, what is 1111 + -1000110000110?
-1000101110111
In base 10, what is -47550 + -2?
-47552
In base 13, what is 3 - 2646?
-2643
In base 3, what is 201001 + 121?
201122
In base 13, what is -288 - 5c65?
-6220
In base 9, what is 64566 + -2?
64564
In base 14, what is 1a0 - 38?
166
In base 6, what is 33 + -411422?
-411345
In base 16, what is 5 + -3a2c?
-3a27
In base 4, what is -21 - 21212111?
-21212132
In base 10, what is -169 + -1820?
-1989
In base 4, what is -3 - 11120131?
-11120200
In base 9, what is 2124 + 2?
2126
In base 13, what is -c5a54 - 3?
-c5a57
In base 4, what is 121112 - -1220?
122332
In base 9, what is -288 - 1145?
-1444
In base 3, what is 2222 + 100200200?
100210122
In base 4, what is -10 - 10130301?
-10130311
In base 4, what is 3201102 - 1230?
3133212
In base 14, what is 7b72 + -1?
7b71
In base 14, what is -19 - -1962?
1947
In base 16, what is a - -1bf2a?
1bf34
In base 12, what is 125539 + 6?
125543
In base 15, what is -1be3 + -19?
-1c0c
In base 6, what is -2303 - -4154?
1451
In base 10, what is -14 - 57617?
-57631
In base 11, what is 41958 - -10?
41968
In base 9, what is -27880 + 142?
-27737
In base 7, what is -1164 + 304?
-560
In base 4, what is 31221120 + -2?
31221112
In base 9, what is 4078 - -8?
4087
In base 15, what is -3bbd - -2?
-3bbb
In base 14, what is 1934a + 15?
19361
In base 8, what is -157 + -71051?
-71230
In base 11, what is -5 + -3a011?
-3a016
In base 3, what is -20110000 - -1202?
-20101021
In base 13, what is -200 - 31?
-231
In base 13, what is -27 - 15040?
-15067
In base 9, what is -7 + -32771?
-32778
In base 4, what is -202102 - 32?
-202200
In base 8, what is -1574361 + -5?
-1574366
In base 11, what is 4 - -85a99?
85aa2
In base 7, what is 65460241 + 0?
65460241
In base 16, what is 53 + -2be?
-26b
In base 14, what is -10475 + -6?
-1047b
In base 11, what is 8 + -4526?
-4519
In base 14, what is 1b + 4b3a?
4b57
In base 12, what is -5 - 12687?
-12690
In base 11, what is 144 + 4581?
4715
In base 8, what is 172414 - 14?
172400
In base 11, what is 1125 - 19?
1107
In base 13, what is -64182a + 2?
-641828
In base 10, what is -154354 + -4?
-154358
In base 14, what is -3763 + 1?
-3762
In base 15, what is 766c + -49?
7623
In base 10, what is 124 + 263?
387
In base 4, what is 111133 - 21?
111112
In base 12, what is -1a10a + 5?
-1a105
In base 15, what is -51 + -68?
-b9
In base 13, what is 318b5 + -b?
318a7
In base 16, what is -2c - -3fc?
3d0
In base 10, what is 74 - -206?
280
In base 8, what is 1022 - -15?
1037
In base 2, what is -10001000001101 + 10?
-10001000001011
In base 3, what is -1 + 1122212001121?
1122212001120
In base 2, what is -100 - 111101101101000101?
-111101101101001001
In base 2, what is 10 - 100001100000000?
-100001011111110
In base 11, what is 25313a + 2?
253141
In base 11, what is 46953 - -5?
46958
In base 11, what is 0 + 15321a?
15321a
In base 10, what is -1564379 + 0?
-1564379
In base 14, what is -11 + 2716?
2705
In base 11, what is -9987 - 1?
-9988
In base 8, what is 0 - -1361360?
1361360
In base 12, what is -41 - 31ab?
-3230
In base 9, what is -274 - -11?
-263
In base 9, what is 44172 + -6?
44165
In base 10, what is 2055 - -48?
2103
In base 16, what is -16 - -1a5b1?
1a59b
In base 9, what is -14 + -1863?
-1877
In base 3, what is 110220021 - 10?
110220011
In base 10, what is 1028 + 84?
1112
In base 6, what is 5143 - -244?
5431
In base 4, what is 2 + -3330223?
-3330221
In base 12, what is 147a - -10?
148a
In base 6, what is 401132 - -5?
401141
In base 14, what is 6d61 + 5?
6d66
In base 7, what is 1 + -2401243?
-2401242
In base 11, what is 1aa + 5538?
5737
In base 12, what is -26 + 1912?
18a8
In base 2, what is 10011110100111 - 100?
10011110100011
In base 12, what is -11701 + a?
-116b3
In base 13, what is 35828 + -2?
35826
In base 13, what is 1 + 838c1?
838c2
In base 14, what is -125d + 2ba?
-d83
In base 3, what is -20112010 - 10010?
-20122020
In base 14, what is 18d9d + -4?
18d99
In base 16, what is -1 + 3aec7?
3aec6
In base 3, what is -122 - 21210012?
-21210211
In base 13, what is -61bc - a?
-61c9
In base 14, what is -39 + -50b?
-546
In base 3, what is 1220 + -11010?
-2020
In base 15, what is 2e051 + 3?
2e054
In base 16, what is -17 + b9a?
b83
In base 13, what is -16061 - 2?
-16063
In base 4, what is 1 - -1201310?
1201311
In base 15, what is 13815 + 1?
13816
In base 2, what is 0 + -10010000011110000?
-10010000011110000
In base 5, what is -4420022 - -2?
-4420020
In base 16, what is e12 - 16?
dfc
In base 11, what is 57 + -529?
-482
In base 14, what is 23 + 417?
43a
In base 7, what is 231 - 125322?
-125061
In base 14, what is -1c9da + 5?
-1c9d5
In base 11, what is a0 - -632?
722
In base 10, what is -3 + -318503?
-318506
In base 6, what is 135354 - -24?
135422
In base 12, what is -12548 - -2?
-12546
In base 4, what is -1021 + -1300?
-2321
In base 9, what is -42838